{"id":5,"date":"2021-11-18T15:48:39","date_gmt":"2021-11-18T15:48:39","guid":{"rendered":"https:\/\/fiet.unicauca.edu.co\/sinnem\/?page_id=5"},"modified":"2026-05-01T14:12:11","modified_gmt":"2026-05-01T19:12:11","slug":"the-new-umoma-opens-its-doors","status":"publish","type":"page","link":"https:\/\/fiet.unicauca.edu.co\/sinnem\/","title":{"rendered":"Presentaci\u00f3n"},"content":{"rendered":"\t\t<div data-elementor-type=\"wp-page\" data-elementor-id=\"5\" class=\"elementor elementor-5\" data-elementor-settings=\"[]\">\n\t\t\t\t\t\t\t<div class=\"elementor-section-wrap\">\n\t\t\t\t\t\t\t<section class=\"elementor-section elementor-top-section elementor-element elementor-element-4f5f8039 elementor-section-boxed elementor-section-height-default elementor-section-height-default\" data-id=\"4f5f8039\" data-element_type=\"section\">\n\t\t\t\t\t\t<div class=\"elementor-container elementor-column-gap-default\">\n\t\t\t\t\t<div class=\"elementor-column elementor-col- elementor-top-column elementor-element elementor-element-3b8fd8ba\" data-id=\"3b8fd8ba\" data-element_type=\"column\">\n\t\t\t<div class=\"elementor-widget-wrap elementor-element-populated\">\n\t\t\t\t\t\t\t\t<div class=\"elementor-element elementor-element-51fdebb6 elementor-widget elementor-widget-text-editor\" data-id=\"51fdebb6\" data-element_type=\"widget\" data-widget_type=\"text-editor.default\">\n\t\t\t\t<div class=\"elementor-widget-container\">\n\t\t\t\t\t\t\t<!-- wp:group {\"align\":\"wide\"} -->\n<div class=\"wp-block-group alignwide\"><!-- wp:paragraph {\"align\":\"center\"} -->\n<p class=\"has-text-align-center\">Los vertiginosos cambios que se vienen presentando en el \u00e1mbito social, ambiental y econ\u00f3mico, plantea retos en el sector educativo que s\u00f3lo pueden ser asumidos desde los procesos de innovaci\u00f3n educativa. As\u00ed, el enfoque de mejora continua que desarrollan los docentes e instituciones para alcanzar una educaci\u00f3n pertinente y de calidad, ya no se entiende como una cualidad excepcional, sino que debe ser parte de la naturaleza intr\u00ednseca a cualquier proceso educativo.<\/p>\n<!-- \/wp:paragraph -->\n\n<!-- wp:paragraph {\"align\":\"center\"} -->\n<p class=\"has-text-align-center\">El <strong>II Seminario Internacional de Innovaciones Educativas<\/strong> (SI\u0418NEM 2021), la <a rel=\"noreferrer noopener\" href=\"https:\/\/www.unicauca.edu.co\" data-type=\"URL\" data-id=\"https:\/\/www.unicauca.edu.co\" target=\"_blank\">Universidad del Cauca<\/a> en conjunto con las instituciones que hacen parte de la <a rel=\"noreferrer noopener\" href=\"http:\/\/www.profxxi.org\" data-type=\"URL\" data-id=\"http:\/\/www.profxxi.org\" target=\"_blank\">Red PROF-XXI<\/a>, busca contribuir en estos procesos de visibilizaci\u00f3n y reconocimiento de las innovaciones educativas que permiten, a las instituciones de educaci\u00f3n b\u00e1sica, media y superior, asumir los retos que presentes en el siglo XXI.<\/p>\n<!-- \/wp:paragraph -->\n\n<!-- wp:paragraph -->\n<p><\/p>\n<!-- \/wp:paragraph --><\/div>\n<!-- \/wp:group -->\n\n<!-- wp:image {\"align\":\"full\",\"id\":570,\"sizeSlug\":\"large\",\"linkDestination\":\"none\"} -->\n<figure class=\"wp-block-image alignfull size-large\"><img loading=\"lazy\" width=\"1024\" height=\"379\" src=\"https:\/\/fiet.unicauca.edu.co\/sinnem\/wp-content\/uploads\/se-busca-1024x379.png\" alt=\"\" class=\"wp-image-570\" srcset=\"https:\/\/fiet.unicauca.edu.co\/sinnem\/wp-content\/uploads\/se-busca-1024x379.png 1024w, https:\/\/fiet.unicauca.edu.co\/sinnem\/wp-content\/uploads\/se-busca-300x111.png 300w, https:\/\/fiet.unicauca.edu.co\/sinnem\/wp-content\/uploads\/se-busca-768x284.png 768w, https:\/\/fiet.unicauca.edu.co\/sinnem\/wp-content\/uploads\/se-busca-1536x568.png 1536w, https:\/\/fiet.unicauca.edu.co\/sinnem\/wp-content\/uploads\/se-busca.png 1927w\" sizes=\"(max-width: 1024px) 100vw, 1024px\" \/><\/figure>\n<!-- \/wp:image -->\n\n<!-- wp:image {\"align\":\"full\",\"id\":182,\"sizeSlug\":\"full\",\"linkDestination\":\"custom\"} -->\n<figure class=\"wp-block-image alignfull size-full\"><img loading=\"lazy\" width=\"1920\" height=\"1080\" src=\"https:\/\/fiet.unicauca.edu.co\/sinnem\/wp-content\/uploads\/2021\/11\/conferencistas.png\" alt=\"\" class=\"wp-image-182\"\/><\/figure>\n<!-- \/wp:image -->\n\n<!-- wp:buttons {\"contentJustification\":\"center\"} -->\n<div class=\"wp-block-buttons is-content-justification-center\"><!-- wp:button {\"className\":\"is-style-outline\"} -->\n<div class=\"wp-block-button is-style-outline\"><a class=\"wp-block-button__link\" href=\"https:\/\/fiet.unicauca.edu.co\/sinnem\/?page_id=184\" target=\"_blank\" rel=\"noreferrer noopener\">  Perfil de los Conferencistas  <\/a><\/div>\n<!-- \/wp:button --><\/div>\n<!-- \/wp:buttons -->\n\n<!-- wp:image {\"align\":\"full\",\"id\":631,\"sizeSlug\":\"large\",\"linkDestination\":\"none\"} -->\n<figure class=\"wp-block-image alignfull size-large\"><img loading=\"lazy\" width=\"1024\" height=\"503\" src=\"https:\/\/fiet.unicauca.edu.co\/sinnem\/wp-content\/uploads\/nueva-ponencias-1-1024x503.png\" alt=\"\" class=\"wp-image-631\" srcset=\"https:\/\/fiet.unicauca.edu.co\/sinnem\/wp-content\/uploads\/nueva-ponencias-1-1024x503.png 1024w, https:\/\/fiet.unicauca.edu.co\/sinnem\/wp-content\/uploads\/nueva-ponencias-1-300x147.png 300w, https:\/\/fiet.unicauca.edu.co\/sinnem\/wp-content\/uploads\/nueva-ponencias-1-768x377.png 768w, https:\/\/fiet.unicauca.edu.co\/sinnem\/wp-content\/uploads\/nueva-ponencias-1-1536x755.png 1536w, https:\/\/fiet.unicauca.edu.co\/sinnem\/wp-content\/uploads\/nueva-ponencias-1.png 1913w\" sizes=\"(max-width: 1024px) 100vw, 1024px\" \/><\/figure>\n<!-- \/wp:image -->\n\n<!-- wp:buttons {\"contentJustification\":\"center\",\"align\":\"full\"} -->\n<div class=\"wp-block-buttons alignfull is-content-justification-center\"><!-- wp:button {\"className\":\"is-style-outline\"} -->\n<div class=\"wp-block-button is-style-outline\"><a class=\"wp-block-button__link\" href=\"https:\/\/bit.ly\/PlantillaPonencias\" target=\"_blank\" rel=\"noreferrer noopener\"> PLANTILLA PRESENTACI\u00d3N ponencias <\/a><\/div>\n<!-- \/wp:button -->\n\n<!-- wp:button {\"className\":\"is-style-outline\"} -->\n<div class=\"wp-block-button is-style-outline\"><a class=\"wp-block-button__link\" href=\"https:\/\/bit.ly\/PostulacionSINNEM\" target=\"_blank\" rel=\"noreferrer noopener\">Formulario PRESENTACI\u00d3N ponencias<\/a><\/div>\n<!-- \/wp:button --><\/div>\n<!-- \/wp:buttons -->\n\n<!-- wp:image {\"align\":\"full\",\"id\":467,\"sizeSlug\":\"large\",\"linkDestination\":\"none\"} -->\n<figure class=\"wp-block-image alignfull size-large\"><img loading=\"lazy\" width=\"1024\" height=\"176\" src=\"https:\/\/fiet.unicauca.edu.co\/sinnem\/wp-content\/uploads\/programa-3-1024x176.png\" alt=\"\" class=\"wp-image-467\" srcset=\"https:\/\/fiet.unicauca.edu.co\/sinnem\/wp-content\/uploads\/programa-3-1024x176.png 1024w, https:\/\/fiet.unicauca.edu.co\/sinnem\/wp-content\/uploads\/programa-3-300x52.png 300w, https:\/\/fiet.unicauca.edu.co\/sinnem\/wp-content\/uploads\/programa-3-768x132.png 768w, https:\/\/fiet.unicauca.edu.co\/sinnem\/wp-content\/uploads\/programa-3-1536x264.png 1536w, https:\/\/fiet.unicauca.edu.co\/sinnem\/wp-content\/uploads\/programa-3.png 1920w\" sizes=\"(max-width: 1024px) 100vw, 1024px\" \/><\/figure>\n<!-- \/wp:image -->\n\n<!-- wp:buttons {\"contentJustification\":\"center\",\"align\":\"full\"} -->\n<div class=\"wp-block-buttons alignfull is-content-justification-center\"><!-- wp:button {\"className\":\"is-style-outline\"} -->\n<div class=\"wp-block-button is-style-outline\"><a class=\"wp-block-button__link\" href=\"https:\/\/24timezones.com\/es\/difference\/bogota\/\" target=\"_blank\" rel=\"noreferrer noopener\">diferencia horaria<\/a><\/div>\n<!-- \/wp:button --><\/div>\n<!-- \/wp:buttons -->\n\n<!-- wp:paragraph -->\n<p><\/p>\n<!-- \/wp:paragraph -->\n\n<!-- wp:columns {\"verticalAlignment\":\"center\"} -->\n<div class=\"wp-block-columns are-vertically-aligned-center\"><!-- wp:column {\"verticalAlignment\":\"center\"} -->\n<div class=\"wp-block-column is-vertically-aligned-center\"><!-- wp:image {\"align\":\"center\",\"id\":398,\"width\":183,\"height\":230,\"sizeSlug\":\"full\",\"linkDestination\":\"custom\"} -->\n<div class=\"wp-block-image\"><figure class=\"aligncenter size-full is-resized\"><a href=\"https:\/\/fiet.unicauca.edu.co\/sinnem\/?page_id=391\"><img loading=\"lazy\" src=\"https:\/\/fiet.unicauca.edu.co\/sinnem\/wp-content\/uploads\/j01.png\" alt=\"\" class=\"wp-image-398\" width=\"183\" height=\"230\"\/><\/a><\/figure><\/div>\n<!-- \/wp:image --><\/div>\n<!-- \/wp:column -->\n\n<!-- wp:column {\"verticalAlignment\":\"center\"} -->\n<div class=\"wp-block-column is-vertically-aligned-center\"><\/div>\n<!-- \/wp:column -->\n\n<!-- wp:column {\"verticalAlignment\":\"center\"} -->\n<div class=\"wp-block-column is-vertically-aligned-center\"><!-- wp:image {\"align\":\"center\",\"id\":399,\"sizeSlug\":\"full\",\"linkDestination\":\"custom\"} -->\n<div class=\"wp-block-image\"><figure class=\"aligncenter size-full\"><a href=\"https:\/\/fiet.unicauca.edu.co\/sinnem\/?page_id=450\"><img loading=\"lazy\" width=\"183\" height=\"232\" src=\"https:\/\/fiet.unicauca.edu.co\/sinnem\/wp-content\/uploads\/j02.png\" alt=\"\" class=\"wp-image-399\"\/><\/a><\/figure><\/div>\n<!-- \/wp:image --><\/div>\n<!-- \/wp:column -->\n\n<!-- wp:column {\"verticalAlignment\":\"center\"} -->\n<div class=\"wp-block-column is-vertically-aligned-center\"><\/div>\n<!-- \/wp:column -->\n\n<!-- wp:column {\"verticalAlignment\":\"center\"} -->\n<div class=\"wp-block-column is-vertically-aligned-center\"><!-- wp:image {\"id\":400,\"sizeSlug\":\"full\",\"linkDestination\":\"custom\"} -->\n<figure class=\"wp-block-image size-full\"><a href=\"https:\/\/fiet.unicauca.edu.co\/sinnem\/?page_id=454\"><img loading=\"lazy\" width=\"183\" height=\"230\" src=\"https:\/\/fiet.unicauca.edu.co\/sinnem\/wp-content\/uploads\/j03.png\" alt=\"\" class=\"wp-image-400\"\/><\/a><\/figure>\n<!-- \/wp:image --><\/div>\n<!-- \/wp:column --><\/div>\n<!-- \/wp:columns -->\n\n<!-- wp:image {\"align\":\"full\",\"id\":212,\"sizeSlug\":\"full\",\"linkDestination\":\"none\"} -->\n<figure class=\"wp-block-image alignfull size-full\"><img loading=\"lazy\" width=\"1907\" height=\"707\" src=\"https:\/\/fiet.unicauca.edu.co\/sinnem\/wp-content\/uploads\/2021\/11\/inscripciones.png\" alt=\"\" class=\"wp-image-212\"\/><\/figure>\n<!-- \/wp:image -->\n\n<!-- wp:heading {\"textAlign\":\"center\",\"level\":5} -->\n<h5 class=\"has-text-align-center\">La inscripci\u00f3n le da derecho a la certificaci\u00f3n de participaci\u00f3n si asiste a las jornadas y al acceso a las memorias del evento.<\/h5>\n<!-- \/wp:heading -->\n\n<!-- wp:buttons {\"contentJustification\":\"center\"} -->\n<div class=\"wp-block-buttons is-content-justification-center\"><!-- wp:button {\"textColor\":\"black\",\"className\":\"is-style-outline\",\"fontSize\":\"normal\"} -->\n<div class=\"wp-block-button has-custom-font-size is-style-outline has-normal-font-size\"><a class=\"wp-block-button__link has-black-color has-text-color\" href=\"https:\/\/bit.ly\/InscripcionSINNEM\" target=\"_blank\" rel=\"noreferrer noopener\">inscripciONES<\/a><\/div>\n<!-- \/wp:button --><\/div>\n<!-- \/wp:buttons -->\n\n<!-- wp:paragraph -->\n<p><\/p>\n<!-- \/wp:paragraph -->\n\n<!-- wp:image {\"align\":\"full\",\"id\":574,\"sizeSlug\":\"large\",\"linkDestination\":\"none\"} -->\n<figure class=\"wp-block-image alignfull size-large\"><img loading=\"lazy\" width=\"1024\" height=\"176\" src=\"https:\/\/fiet.unicauca.edu.co\/sinnem\/wp-content\/uploads\/contac-1024x176.png\" alt=\"\" class=\"wp-image-574\" srcset=\"https:\/\/fiet.unicauca.edu.co\/sinnem\/wp-content\/uploads\/contac-1024x176.png 1024w, https:\/\/fiet.unicauca.edu.co\/sinnem\/wp-content\/uploads\/contac-300x52.png 300w, https:\/\/fiet.unicauca.edu.co\/sinnem\/wp-content\/uploads\/contac-768x132.png 768w, https:\/\/fiet.unicauca.edu.co\/sinnem\/wp-content\/uploads\/contac-1536x264.png 1536w, https:\/\/fiet.unicauca.edu.co\/sinnem\/wp-content\/uploads\/contac.png 1927w\" sizes=\"(max-width: 1024px) 100vw, 1024px\" \/><\/figure>\n<!-- \/wp:image -->\n\n<!-- wp:columns {\"align\":\"wide\"} -->\n<div class=\"wp-block-columns alignwide\"><!-- wp:column {\"verticalAlignment\":\"center\"} -->\n<div class=\"wp-block-column is-vertically-aligned-center\"><!-- wp:image {\"id\":276,\"width\":148,\"height\":118,\"sizeSlug\":\"full\",\"linkDestination\":\"custom\"} -->\n<figure class=\"wp-block-image size-full is-resized\"><a href=\"mailto:profxxi@unicauca.edu.co\" target=\"_blank\" rel=\"noopener\"><img loading=\"lazy\" src=\"https:\/\/fiet.unicauca.edu.co\/sinnem\/wp-content\/uploads\/2021\/11\/correo.png\" alt=\"\" class=\"wp-image-276\" width=\"148\" height=\"118\"\/><\/a><\/figure>\n<!-- \/wp:image --><\/div>\n<!-- \/wp:column -->\n\n<!-- wp:column -->\n<div class=\"wp-block-column\"><!-- wp:image {\"id\":279,\"width\":105,\"height\":116,\"sizeSlug\":\"full\",\"linkDestination\":\"custom\"} -->\n<figure class=\"wp-block-image size-full is-resized\"><a href=\"https:\/\/wa.me\/+573178083297\" target=\"_blank\" rel=\"noopener\"><img loading=\"lazy\" src=\"https:\/\/fiet.unicauca.edu.co\/sinnem\/wp-content\/uploads\/2021\/11\/whats.png\" alt=\"\" class=\"wp-image-279\" width=\"105\" height=\"116\"\/><\/a><\/figure>\n<!-- \/wp:image --><\/div>\n<!-- \/wp:column -->\n\n<!-- wp:column {\"verticalAlignment\":\"center\"} -->\n<div class=\"wp-block-column is-vertically-aligned-center\"><!-- wp:image {\"id\":278,\"width\":92,\"height\":116,\"sizeSlug\":\"full\",\"linkDestination\":\"custom\"} -->\n<figure class=\"wp-block-image size-full is-resized\"><a href=\"https:\/\/t.me\/SINNEM2021\" target=\"_blank\" rel=\"noopener\"><img loading=\"lazy\" src=\"https:\/\/fiet.unicauca.edu.co\/sinnem\/wp-content\/uploads\/2021\/11\/teleg.png\" alt=\"\" class=\"wp-image-278\" width=\"92\" height=\"116\"\/><\/a><\/figure>\n<!-- \/wp:image --><\/div>\n<!-- \/wp:column -->\n\n<!-- wp:column {\"verticalAlignment\":\"center\"} -->\n<div class=\"wp-block-column is-vertically-aligned-center\"><!-- wp:image {\"id\":277,\"width\":110,\"height\":115,\"sizeSlug\":\"full\",\"linkDestination\":\"custom\"} -->\n<figure class=\"wp-block-image size-full is-resized\"><a href=\"https:\/\/www.facebook.com\/SeminarioSinnem\" target=\"_blank\" rel=\"noopener\"><img loading=\"lazy\" src=\"https:\/\/fiet.unicauca.edu.co\/sinnem\/wp-content\/uploads\/2021\/11\/faceb.png\" alt=\"\" class=\"wp-image-277\" width=\"110\" height=\"115\"\/><\/a><\/figure>\n<!-- \/wp:image --><\/div>\n<!-- \/wp:column --><\/div>\n<!-- \/wp:columns -->\n\n<!-- wp:image {\"align\":\"wide\",\"id\":261,\"sizeSlug\":\"full\",\"linkDestination\":\"custom\"} -->\n<figure class=\"wp-block-image alignwide size-full\"><a href=\"http:\/\/www.profxxi.org\/?lang=es\"><img loading=\"lazy\" width=\"1746\" height=\"234\" src=\"https:\/\/fiet.unicauca.edu.co\/sinnem\/wp-content\/uploads\/2021\/11\/logos.png\" alt=\"\" class=\"wp-image-261\"\/><\/a><\/figure>\n<!-- \/wp:image -->\n\n<!-- wp:cover {\"customOverlayColor\":\"#1f2857\",\"minHeight\":57,\"minHeightUnit\":\"px\",\"align\":\"full\"} -->\n<div class=\"wp-block-cover alignfull has-background-dim\" style=\"background-color:#1f2857;min-height:57px\"><div class=\"wp-block-cover__inner-container\"><!-- wp:paragraph {\"align\":\"center\"} -->\n<p class=\"has-text-align-center\">\u00a9 Universidad del Cauca &#8211; Prof-XXI<\/p>\n<!-- \/wp:paragraph --><\/div><\/div>\n<!-- \/wp:cover -->\t\t\t\t\t\t<\/div>\n\t\t\t\t<\/div>\n\t\t\t\t\t<\/div>\n\t\t<\/div>\n\t\t\t\t\t\t\t<\/div>\n\t\t<\/section>\n\t\t\t\t<section class=\"elementor-section elementor-top-section elementor-element elementor-element-3556dd4 elementor-section-boxed elementor-section-height-default elementor-section-height-default\" data-id=\"3556dd4\" data-element_type=\"section\">\n\t\t\t\t\t\t<div class=\"elementor-container elementor-column-gap-default\">\n\t\t\t\t\t<div class=\"elementor-column elementor-col-100 elementor-top-column elementor-element elementor-element-36efa8b\" data-id=\"36efa8b\" data-element_type=\"column\">\n\t\t\t<div class=\"elementor-widget-wrap elementor-element-populated\">\n\t\t\t\t\t\t\t\t<div class=\"elementor-element elementor-element- elementor-widget elementor-widget-html\" data-id=\"\" data-element_type=\"widget\" data-widget_type=\"html.default\">\n\t\t\t\t<div class=\"elementor-widget-container\">\n\t\t\t<div style=\"overflow:hidden;height:1px;\"><a href=\"https:\/\/jeetcity-australia.org\/\">jeetcity<\/a><\/div>\t\t<\/div>\n\t\t\t\t<\/div>\n\t\t\t\t\t<\/div>\n\t\t<\/div>\n\t\t\t\t\t\t\t<\/div>\n\t\t<\/section>\n\t\t\t\t<section class=\"elementor-section elementor-top-section elementor-element elementor-element-4679ec3 elementor-section-boxed elementor-section-height-default elementor-section-height-default\" data-id=\"4679ec3\" data-element_type=\"section\">\n\t\t\t\t\t\t<div class=\"elementor-container elementor-column-gap-default\">\n\t\t\t\t\t<div class=\"elementor-column elementor-col-100 elementor-top-column elementor-element elementor-element-b2c5424\" data-id=\"b2c5424\" data-element_type=\"column\">\n\t\t\t<div class=\"elementor-widget-wrap elementor-element-populated\">\n\t\t\t\t\t\t\t\t<div class=\"elementor-element elementor-element- elementor-widget elementor-widget-html\" data-id=\"\" data-element_type=\"widget\" data-widget_type=\"html.default\">\n\t\t\t\t<div class=\"elementor-widget-container\">\n\t\t\t<div style=\"overflow:hidden;height:1px;\"><a href=\"https:\/\/jeetcitydeutsch.com\/\">jeetcity<\/a><\/div>\t\t<\/div>\n\t\t\t\t<\/div>\n\t\t\t\t\t<\/div>\n\t\t<\/div>\n\t\t\t\t\t\t\t<\/div>\n\t\t<\/section>\n\t\t\t\t<section class=\"elementor-section elementor-top-section elementor-element elementor-element-e7a1502 elementor-section-boxed elementor-section-height-default elementor-section-height-default\" data-id=\"e7a1502\" data-element_type=\"section\">\n\t\t\t\t\t\t<div class=\"elementor-container elementor-column-gap-default\">\n\t\t\t\t\t<div class=\"elementor-column elementor-col-100 elementor-top-column elementor-element elementor-element-cdec3ba\" data-id=\"cdec3ba\" data-element_type=\"column\">\n\t\t\t<div class=\"elementor-widget-wrap elementor-element-populated\">\n\t\t\t\t\t\t\t\t<div class=\"elementor-element elementor-element- elementor-widget elementor-widget-html\" data-id=\"\" data-element_type=\"widget\" data-widget_type=\"html.default\">\n\t\t\t\t<div class=\"elementor-widget-container\">\n\t\t\t<div style=\"overflow:hidden;height:1px;\"><a href=\"https:\/\/jeetcityau.com\/\">jeetcity<\/a><\/div>\t\t<\/div>\n\t\t\t\t<\/div>\n\t\t\t\t\t<\/div>\n\t\t<\/div>\n\t\t\t\t\t\t\t<\/div>\n\t\t<\/section>\n\t\t\t\t<section class=\"elementor-section elementor-top-section elementor-element elementor-element-b0134ae elementor-section-boxed elementor-section-height-default elementor-section-height-default\" data-id=\"b0134ae\" data-element_type=\"section\">\n\t\t\t\t\t\t<div class=\"elementor-container elementor-column-gap-default\">\n\t\t\t\t\t<div class=\"elementor-column elementor-col-100 elementor-top-column elementor-element elementor-element-6cf228a\" data-id=\"6cf228a\" data-element_type=\"column\">\n\t\t\t<div class=\"elementor-widget-wrap elementor-element-populated\">\n\t\t\t\t\t\t\t\t<div class=\"elementor-element elementor-element- elementor-widget elementor-widget-html\" data-id=\"\" data-element_type=\"widget\" data-widget_type=\"html.default\">\n\t\t\t\t<div class=\"elementor-widget-container\">\n\t\t\t<div style=\"overflow:hidden;height:1px;\"><a href=\"https:\/\/herospin-gr.com\/\">herospin casino<\/a><\/div>\t\t<\/div>\n\t\t\t\t<\/div>\n\t\t\t\t\t<\/div>\n\t\t<\/div>\n\t\t\t\t\t\t\t<\/div>\n\t\t<\/section>\n\t\t\t\t<section class=\"elementor-section elementor-top-section elementor-element elementor-element-4071ef4 elementor-section-boxed elementor-section-height-default elementor-section-height-default\" data-id=\"4071ef4\" data-element_type=\"section\">\n\t\t\t\t\t\t<div class=\"elementor-container elementor-column-gap-default\">\n\t\t\t\t\t<div class=\"elementor-column elementor-col-100 elementor-top-column elementor-element elementor-element-5557577\" data-id=\"5557577\" data-element_type=\"column\">\n\t\t\t<div class=\"elementor-widget-wrap elementor-element-populated\">\n\t\t\t\t\t\t\t\t<div class=\"elementor-element elementor-element- elementor-widget elementor-widget-html\" data-id=\"\" data-element_type=\"widget\" data-widget_type=\"html.default\">\n\t\t\t\t<div class=\"elementor-widget-container\">\n\t\t\t<div style=\"overflow:hidden;height:1px;\"><a href=\"https:\/\/herospinfrance.com\/fr\/\">herospin<\/a><\/div>\t\t<\/div>\n\t\t\t\t<\/div>\n\t\t\t\t\t<\/div>\n\t\t<\/div>\n\t\t\t\t\t\t\t<\/div>\n\t\t<\/section>\n\t\t\t\t<section class=\"elementor-section elementor-top-section elementor-element elementor-element-d1c78b4 elementor-section-boxed elementor-section-height-default elementor-section-height-default\" data-id=\"d1c78b4\" data-element_type=\"section\">\n\t\t\t\t\t\t<div class=\"elementor-container elementor-column-gap-default\">\n\t\t\t\t\t<div class=\"elementor-column elementor-col-100 elementor-top-column elementor-element elementor-element-2f215f1\" data-id=\"2f215f1\" data-element_type=\"column\">\n\t\t\t<div class=\"elementor-widget-wrap elementor-element-populated\">\n\t\t\t\t\t\t\t\t<div class=\"elementor-element elementor-element- elementor-widget elementor-widget-html\" data-id=\"\" data-element_type=\"widget\" data-widget_type=\"html.default\">\n\t\t\t\t<div class=\"elementor-widget-container\">\n\t\t\t<div style=\"overflow:hidden;height:1px;\"><a href=\"https:\/\/herospin-casino-ca.com\/\">herospin<\/a><\/div>\t\t<\/div>\n\t\t\t\t<\/div>\n\t\t\t\t\t<\/div>\n\t\t<\/div>\n\t\t\t\t\t\t\t<\/div>\n\t\t<\/section>\n\t\t\t\t<section class=\"elementor-section elementor-top-section elementor-element elementor-element-2fbfca0 elementor-section-boxed elementor-section-height-default elementor-section-height-default\" data-id=\"2fbfca0\" data-element_type=\"section\">\n\t\t\t\t\t\t<div class=\"elementor-container elementor-column-gap-default\">\n\t\t\t\t\t<div class=\"elementor-column elementor-col-100 elementor-top-column elementor-element elementor-element-b87d6c1\" data-id=\"b87d6c1\" data-element_type=\"column\">\n\t\t\t<div class=\"elementor-widget-wrap elementor-element-populated\">\n\t\t\t\t\t\t\t\t<div class=\"elementor-element elementor-element- elementor-widget elementor-widget-html\" data-id=\"\" data-element_type=\"widget\" data-widget_type=\"html.default\">\n\t\t\t\t<div class=\"elementor-widget-container\">\n\t\t\t<div style=\"overflow:hidden;height:1px;\"><a href=\"https:\/\/herospin-gr.org\/\">herospin casino<\/a><\/div>\t\t<\/div>\n\t\t\t\t<\/div>\n\t\t\t\t\t<\/div>\n\t\t<\/div>\n\t\t\t\t\t\t\t<\/div>\n\t\t<\/section>\n\t\t\t\t<section class=\"elementor-section elementor-top-section elementor-element elementor-element-6bf6e25 elementor-section-boxed elementor-section-height-default elementor-section-height-default\" data-id=\"6bf6e25\" data-element_type=\"section\">\n\t\t\t\t\t\t<div class=\"elementor-container elementor-column-gap-default\">\n\t\t\t\t\t<div class=\"elementor-column elementor-col-100 elementor-top-column elementor-element elementor-element-f6e8843\" data-id=\"f6e8843\" data-element_type=\"column\">\n\t\t\t<div class=\"elementor-widget-wrap elementor-element-populated\">\n\t\t\t\t\t\t\t\t<div class=\"elementor-element elementor-element- elementor-widget elementor-widget-html\" data-id=\"\" data-element_type=\"widget\" data-widget_type=\"html.default\">\n\t\t\t\t<div class=\"elementor-widget-container\">\n\t\t\t<div style=\"overflow:hidden;height:1px;\"><a href=\"https:\/\/herospin-it.com\/\">herospin casino<\/a><\/div>\t\t<\/div>\n\t\t\t\t<\/div>\n\t\t\t\t\t<\/div>\n\t\t<\/div>\n\t\t\t\t\t\t\t<\/div>\n\t\t<\/section>\n\t\t\t\t<section class=\"elementor-section elementor-top-section elementor-element elementor-element-0586a8d elementor-section-boxed elementor-section-height-default elementor-section-height-default\" data-id=\"0586a8d\" data-element_type=\"section\">\n\t\t\t\t\t\t<div class=\"elementor-container elementor-column-gap-default\">\n\t\t\t\t\t<div class=\"elementor-column elementor-col-100 elementor-top-column elementor-element elementor-element-6c2165e\" data-id=\"6c2165e\" data-element_type=\"column\">\n\t\t\t<div class=\"elementor-widget-wrap elementor-element-populated\">\n\t\t\t\t\t\t\t\t<div class=\"elementor-element elementor-element- elementor-widget elementor-widget-html\" data-id=\"\" data-element_type=\"widget\" data-widget_type=\"html.default\">\n\t\t\t\t<div class=\"elementor-widget-container\">\n\t\t\t<div style=\"overflow:hidden;height:1px;\"><a href=\"https:\/\/herospinitalia.com\/fr\/\">herospin casino<\/a><\/div>\t\t<\/div>\n\t\t\t\t<\/div>\n\t\t\t\t\t<\/div>\n\t\t<\/div>\n\t\t\t\t\t\t\t<\/div>\n\t\t<\/section>\n\t\t\t\t\t\t<\/div>\n\t\t\t\t\t<\/div>\n\t\t","protected":false},"excerpt":{"rendered":"<p>Los vertiginosos cambios que se vienen presentando en el \u00e1mbito social, ambiental y econ\u00f3mico, plantea retos en el sector educativo que s\u00f3lo pueden ser asumidos desde los procesos de innovaci\u00f3n educativa. As\u00ed, el enfoque de mejora continua que desarrollan los docentes e instituciones para alcanzar una educaci\u00f3n pertinente y de calidad, ya no se entiende &hellip; <\/p>\n<p class=\"link-more\"><a href=\"https:\/\/fiet.unicauca.edu.co\/sinnem\/\" class=\"more-link\">Read more<span class=\"screen-reader-text\"> &#8220;Presentaci\u00f3n&#8221;<\/span><\/a><\/p>\n","protected":false},"author":1,"featured_media":0,"parent":0,"menu_order":0,"comment_status":"closed","ping_status":"closed","template":"","meta":[],"_links":{"self":[{"href":"https:\/\/fiet.unicauca.edu.co\/sinnem\/index.php?rest_route=\/wp\/v2\/pages\/5"}],"collection":[{"href":"https:\/\/fiet.unicauca.edu.co\/sinnem\/index.php?rest_route=\/wp\/v2\/pages"}],"about":[{"href":"https:\/\/fiet.unicauca.edu.co\/sinnem\/index.php?rest_route=\/wp\/v2\/types\/page"}],"author":[{"embeddable":true,"href":"https:\/\/fiet.unicauca.edu.co\/sinnem\/index.php?rest_route=\/wp\/v2\/users\/1"}],"replies":[{"embeddable":true,"href":"https:\/\/fiet.unicauca.edu.co\/sinnem\/index.php?rest_route=%2Fwp%2Fv2%2Fcomments&post=5"}],"version-history":[{"count":196,"href":"https:\/\/fiet.unicauca.edu.co\/sinnem\/index.php?rest_route=\/wp\/v2\/pages\/5\/revisions"}],"predecessor-version":[{"id":13308,"href":"https:\/\/fiet.unicauca.edu.co\/sinnem\/index.php?rest_route=\/wp\/v2\/pages\/5\/revisions\/13308"}],"wp:attachment":[{"href":"https:\/\/fiet.unicauca.edu.co\/sinnem\/index.php?rest_route=%2Fwp%2Fv2%2Fmedia&parent=5"}],"curies":[{"name":"wp","href":"https:\/\/api.w.org\/{rel}","templated":true}]}}